s digit of 2782908?
0
What is the hundred thousands digit of 714059?
7
What is the ten thousands digit of 653165?
5
What is the hundreds digit of 490991?
9
What is the tens digit of 17082138?
3
What is the hundreds digit of 7284135?
1
What is the tens digit of 758961?
6
What is the tens digit of 288630?
3
What is the ten thousands digit of 71584?
7
What is the tens digit of 679697?
9
What is the ten millions digit of 16565819?
1
What is the ten thousands digit of 8985865?
8
What is the hundred thousands digit of 200433?
2
What is the thousands digit of 6788994?
8
What is the units digit of 685184?
4
What is the hundred thousands digit of 30378842?
3
What is the hundred thousands digit of 481193?
4
What is the tens digit of 857613?
1
What is the hundred thousands digit of 21823805?
8
What is the hundred thousands digit of 107953?
1
What is the tens digit of 6728774?
7
What is the thousands digit of 120184?
0
What is the millions digit of 7953566?
7
What is the millions digit of 13139097?
3
What is the tens digit of 7646772?
7
What is the tens digit of 7797340?
4
What is the ten millions digit of 26014989?
2
What is the millions digit of 4017775?
4
What is the millions digit of 3386783?
3
What is the tens digit of 260581?
8
What is the units digit of 94500?
0
What is the thousands digit of 3729749?
9
What is the hundreds digit of 32899?
8
What is the thousands digit of 1450131?
0
What is the tens digit of 468868?
6
What is the ten thousands digit of 176659?
7
What is the hundred thousands digit of 1931244?
9
What is the ten thousands digit of 13945108?
4
What is the ten thousands digit of 1268306?
6
What is the units digit of 76009?
9
What is the tens digit of 300504?
0
What is the units digit of 3440076?
6
What is the ten thousands digit of 91743?
9
What is the thousands digit of 832789?
2
What is the hundreds digit of 1507532?
5
What is the millions digit of 14068950?
4
What is the millions digit of 5658357?
5
What is the tens digit of 2228802?
0
What is the units digit of 324615?
5
What is the ten thousands digit of 201317?
0
What is the ten thousands digit of 265991?
6
What is the hundred thousands digit of 13008821?
0
What is the thousands digit of 925942?
5
What is the ten thousands digit of 92627?
9
What is the ten thousands digit of 161623?
6
What is the hundred thousands digit of 951427?
9
What is the millions digit of 1269948?
1
What is the hundred thousands digit of 359003?
3
What is the hundreds digit of 11852050?
0
What is the hundred thousands digit of 168635?
1
What is the hundred thousands digit of 159323?
1
What is the millions digit of 6343000?
6
What is the hundred thousands digit of 576599?
5
What is the units digit of 1635467?
7
What is the units digit of 565811?
1
What is the hundreds digit of 552732?
7
What is the thousands digit of 25856?
5
What is the millions digit of 1553056?
1
What is the thousands digit of 1998202?
8
What is the units digit of 2689699?
9
What is the hundreds digit of 26965893?
8
What is the thousands digit of 611178?
1
What is the tens digit of 5085368?
6
What is the hundred thousands digit of 306247?
3
What is the hundred thousands digit of 2414908?
4
What is the millions digit of 10298654?
0
What is the hundred thousands digit of 2552144?
5
What is the hundred thousands digit of 28179199?
1
What is the ten thousands digit of 1655048?
5
What is the hundreds digit of 2405858?
8
What is the units digit of 9772633?
3
What is the units digit of 390535?
5
What is the hundred thousands digit of 27608800?
6
What is the tens digit of 34262?
6
What is the units digit of 1159926?
6
What is the ten thousands digit of 148489?
4
What is the thousands digit of 453547?
3
What is the thousands digit of 3966275?
6
What is the hundreds digit of 72548?
5
What is the units digit of 733257?
7
What is the tens digit of 426342?
4
What is the hundred thousands digit of 9309530?
3
What is the units digit of 2673271?
1
What is the thousands digit of 2476438?
6
What is the hundreds digit of 6029350?
3
What is the hundreds digit of 1077092?
0
What is the thousands digit of 69218?
9
What is the tens digit of 215193?
9
What is the units digit of 75648?
8
What is the thousands digit of 472246?
2
What is the thousands digit of 228543?
8
What is the hundred thousands digit of 1169937?
1
What is the thousands digit of 2625429?
5
What is the units digit of 5754143?
3
What is the millions digit of 3034932?
3
What is the ten thousands digit of 3554356?
5
What is the thousands digit of 276050?
6
What is the units digit of 200220?
0
What is the tens digit of 721498?
9
What is the ten thousands digit of 171183?
7
What is the hundred thousands digit of 1428090?
4
What is the thousands digit of 519300?
9
What is the units digit of 22280669?
9
What is the millions digit of 2270588?
2
What is the units digit of 1203495?
5
What is the millions digit of 1809254?
1
What is the thousands digit of 6547688?
7
What is the units digit of 55649?
9
What is the hundreds digit of 3900668?
6
What is the hundreds digit of 721275?
2
What is the hundred thousands digit of 893305?
8
What is the hundred thousands digit of 444459?
4
What is the hundreds digit of 9022689?
6
What is the units digit of 2055309?
9
What is the hundreds digit of 299030?
0
What is the millions digit of 19616789?
9
What is the thousands digit of 10012773?
2
What is the hundreds digit of 9971278?
2
What is the thousands digit of 116663?
6
What is the hundreds digit of 6078808?
8
What is the tens digit of 6579341?
4
What is the ten thousands digit of 9576513?
7
What is the millions digit of 2471249?
2
What is the tens digit of 873084?
8
What is the thousands digit of 189370?
9
What is the units digit of 48825?
5
What is the tens digit of 40941781?
8
What is the hundred thousands digit of 241041?
2
What is the ten thousands digit of 5083198?
8
What is the hundred thousands digit of 263018?
2
What is the thousands digit of 7167852?
7
What is the tens digit of 107382?
8
What is the hundred thousands digit of 569633?
5
What is the millions digit of 1837045?
1
What is the thousands digit of 30733527?
3
What is the hundred thousands digit of 1120810?
1
What is the thousands digit of 5184530?
4
What is the ten thousands digit of 170698?
7
What is the units digit of 616523?
3
What is the hundred thousands digit of 522029?
5
What is the thousands digit of 32037?
2
What is the millions digit of 2479280?
2
What is the thousands digit of 2370270?
0
What is the thousands digit of 969829?
9
What is the hundreds digit of 630267?
2
What is the tens digit of 17047382?
8
What is the hundred thousands digit of 1014346?
0
What is the ten thousands digit of 40608859?
0
What is the hundreds digit of 93715?
7
What is the thousands digit of 776933?
6
What is the millions digit of 17998354?
7
What is the tens digit of 339378?
7
What is the thousands digit of 475468?
5
What is the ten thousands digit of 5105460?
0
What is the thousands digit of 2773700?
3
What is the millions digit of 20718420?
0
What is the tens digit of 882966?
6
What is the ten thousands digit of 67351?
6
What is the units digit of 1904846?
6
What is the ten thousands digit of 3606839?
0
What is the hundred thousands digit of 393918?
3
What is the hundreds digit of 322829?
8
What is the units digit of 7719740?
0
What is the hundreds digit of 857140?
1
What is the thousands digit of 12130?
2
What is the units digit of 63881?
1
What is the units digit of 2525505?
5
What is the hundreds digit of 1655552?
5
What is the thousands digit of 560410?
0
What is the millions digit of 7509134?
7
What is the hundred thousands digit of 10735470?
7
What is the hundred thousands digit of 798959?
7
What is the hundreds digit of 209221?
2
What is the tens digit of 103642?
4
What is the thousands digit of 323336?
3
What is the units digit of 132980?
0
What is the hundred thousands digit of 5299220?
2
What is the ten thousands digit of 373066?
7
What is the thousands digit of 226391?
6
What is the thousands digit of 257147?
7
What is the units digit of 5837080?
0
What is the ten millions digit of 15467086?
1
What is the thousands digit of 29632014?
2
What is the thousands digit of 7544067?
4
What is the ten thousands digit of 1518814?
1
What is the tens digi